 3. Let c be i(3). What is the greatest common divisor of c and r?
12
Let p = -49 - -84. Let b = -5 + 10. What is the highest common divisor of p and b?
5
Let z(d) = -3*d + 1. Let c be z(-1). Calculate the greatest common divisor of c and 4.
4
Suppose -w = -3*t + 21, -w - w = -2*t + 18. Let f be 21/t*-2*-1. What is the highest common factor of 49 and f?
7
Let x(h) = 12*h. Let t be x(2). What is the highest common divisor of t and 3?
3
Suppose -60 = 2*q + 3*q. Let f = q - -60. What is the greatest common divisor of 6 and f?
6
Let k be (12/18)/(4/1650). Let f = 2 + 1. Suppose 0 = -o - f*o + 100. What is the greatest common factor of k and o?
25
Let q(m) be the first derivative of 0*m**2 - 1/4*m**4 + 2 + 7/3*m**3 + 7*m. Let g be q(7). Calculate the greatest common factor of g and 28.
7
Suppose -4*p - 1 = -2*f - 13, 14 = -2*p - 4*f. Suppose y + 6*y = 7. Calculate the greatest common divisor of p and y.
1
Let r(j) = 23*j + 3. Let q be (3/(-2))/((-2)/4). Let f be r(q). Let h = 22 + -13. Calculate the greatest common factor of h and f.
9
Suppose 53 + 29 = s. What is the greatest common divisor of s and 41?
41
Let v = 1 - -5. Let c be (29/(-3))/(2/(-18)). Suppose -6*o + 3*b = -o - c, -o - b + 11 = 0. Calculate the greatest common divisor of o and v.
3
Suppose 3*b - v + 2 = 0, b + 0*b + 8 = 4*v. Suppose -270 = -5*s - b. Calculate the greatest common divisor of 18 and s.
18
Let t(q) = -q**3 - 7*q**2 + 9*q + 17. Let x be t(-8). Let y be (-3)/((2/(-2))/1). Let p be (31 - 1)*y/2. What is the greatest common divisor of p and x?
9
Let h(f) = f**3 + 3*f**2 + 4. Let s be h(-3). Let o be ((-6)/s)/(3/(-128)). Suppose -o = -3*x - x. Calculate the greatest common factor of 144 and x.
16
Suppose 11*f - 40 = 7*f. Suppose 3*k + 1 = 7. Calculate the greatest common divisor of k and f.
2
Suppose 12 = 5*u - 3. Suppose u*k - 2*k - 3 = 0. Suppose 5*j + 5 = -0*c + k*c, 0 = j + 3*c - 17. What is the greatest common factor of 1 and j?
1
Let y(g) = -4*g - 14. Let i be y(-8). Let h = i - 12. What is the highest common divisor of h and 48?
6
Suppose -3*j + 163 = -3*h + 13, 3*j - 166 = -h. Calculate the highest common factor of 81 and j.
27
Let z = -64 - -1. Let r be ((-24)/14)/(2/z). Calculate the greatest common factor of r and 18.
18
Suppose 0 = u - 2*u + 11. Calculate the highest common divisor of u and 22.
11
Let l be (1 + -1)*1/(-2). Suppose 5*n - 65 = -l*n - 4*v, 0 = n + 2*v - 19. What is the greatest common divisor of n and 72?
9
Suppose -3*o + 8*o = 1085. What is the greatest common factor of 31 and o?
31
Suppose 31 = 5*a - 94. Let p = -13 + 18. What is the greatest common divisor of a and p?
5
Let g(w) = -w + 10. Let c(z) = z**3 + 5*z**2 + 5*z + 4. Let n be 1*6*(-2)/3. Let y be c(n). Let v be g(y). Calculate the highest common factor of 50 and v.
10
Let i = -16 + 30. Calculate the greatest common divisor of 21 and i.
7
Let r be (-4)/22 + (-175)/(-55). Calculate the greatest common factor of 21 and r.
3
Let b be 2 + 2 + 2/(-1). Calculate the greatest common divisor of 4 and b.
2
Suppose -m + 171 = 3*s, -4*m - 2*s + 6*s + 604 = 0. Calculate the greatest common divisor of 24 and m.
12
Let b be 57/95 + (-94)/(-10). Suppose -4*w + 6 + 2 = 0. What is the greatest common divisor of b and w?
2
Let i be 8/40 + 12/15. Let f(m) = m**3 + 4*m**2 - 5*m + 5. Let x be f(-5). Suppose x*k - 7 = -2. What is the greatest common divisor of k and i?
1
Let c(v) = -4*v**3 - v**2 + v. Let d be c(-2). Calculate the highest common factor of 104 and d.
26
Suppose 4*p - 100 = 2*l, p + 3*p = l + 98. Suppose -15 = -9*t + 201. Calculate the greatest common factor of t and p.
24
Suppose 485 = 5*g + 2*x, 312 = g + 2*g - 3*x. Calculate the highest common factor of g and 9.
9
Suppose -c + 5 = 1. Suppose -2*h = 3*h, 0 = -c*n + 5*h + 20. Calculate the greatest common divisor of 1 and n.
1
Suppose -4 = -r - r. Let x be 3*r*(-4 + 5). What is the highest common factor of x and 18?
6
Suppose 5*i - 3*n = 1162, -5*n = 2*i + 177 - 617. Calculate the highest common factor of i and 10.
10
Let m = 147 + -91. What is the greatest common divisor of 7 and m?
7
Let z(b) = -34*b + 2. Let t be z(-1). What is the highest common factor of t and 4?
4
Let a = -8 - -11. Suppose -2*t - 246 = -4*y - 0*y, -a*y + 5*t = -195. What is the greatest common divisor of y and 10?
10
Let p(v) = -v**2 - 2. Let i be p(2). Let o be (-10)/15 - 22/i. Suppose o*x - x = 40. What is the highest common divisor of 8 and x?
4
Suppose 2*m = m - 12. Let j be ((-27)/m)/((-2)/(-192)). Let v(r) = 3*r - 15. Let f be v(13). What is the greatest common factor of j and f?
24
Let a = 9 - -4. Let y(n) = n**3 - 7*n**2 - 11*n + 2. Let j be y(9). What is the highest common divisor of j and a?
13
Let s = 10 + 0. Suppose -2*u + 56 = 5*j + u, s = 5*u. Calculate the greatest common factor of j and 110.
10
Let v(r) = -r**2 + 2*r + 4. Let l(n) = -n + 1. Let t be l(-3). Let k be v(t). Let o(u) = -9*u. Let b be o(k). Calculate the highest common factor of 18 and b.
18
Suppose 2*d - 4*d = -4. Suppose d = 3*a - 19. Suppose 0 = -5*w - 0*w + 140. Calculate the greatest common factor of w and a.
7
Suppose 60 = r + 4*r. What is the greatest common divisor of 24 and r?
12
Let a = 17 + -5. Let p = a - -8. Calculate the greatest common factor of p and 30.
10
Suppose -j = j - 5*g - 14, 0 = -3*j + 3*g + 30. Suppose 3*q + 2*x = -0*x + 19, -4*x + 5 = -5*q. What is the highest common factor of j and q?
3
Suppose -71 - 565 = -4*t. Suppose -5 - 44 = -b + 3*x, 3*b - t = -3*x. What is the highest common factor of 13 and b?
13
Suppose 32 = 4*u - 32. What is the highest common divisor of u and 24?
8
Suppose -234 = k - 7*k. Calculate the greatest common divisor of 195 and k.
39
Let d(v) = 11*v + 2*v**2 - 7 - 4*v - 3*v**2. Let q be d(5). What is the highest common divisor of 2 and q?
1
Suppose -7*w + 45 = -81. What is the highest common factor of 54 and w?
18
Suppose -3*y - 2*y + 5 = 0. Suppose -y = -2*t - 5, 141 = 5*c - 3*t. Suppose c - 6 = 3*f. What is the greatest common divisor of f and 7?
7
Suppose -3*a - 8 = -2*x, -5*x + 2*a + 18 = -2. Let k be -2 + (23 - 12/x). Calculate the greatest common divisor of k and 6.
6
Suppose 2*k + 255 = 7*k. Let t be (-4)/(-24) - k/(-18). Suppose -2*q = -4 - 2. Calculate the greatest common divisor of t and q.
3
Let a = -3 - -7. Let c(t) = 20*t**3 - t**2 - 3*t + 4. Let j be c(1). Calculate the greatest common divisor of a and j.
4
Let l be (-2)/5 + 604/10. Let c be (-11 + 1)*99/(-18). Suppose 4*x - c = 41. What is the greatest common divisor of l and x?
12
Let z = -16 - -40. Suppose g = 4*g + 4*p + 7, -5*p - 2 = -3*g. Let r be (g - -9) + -1 + 1. What is the highest common factor of r and z?
8
Suppose -5*r - b = -3*b - 727, -b + 739 = 5*r. What is the highest common factor of 21 and r?
21
Let j(k) be the first derivative of k**2/2 + k - 2. Let d be j(1). Suppose -d*v + 264 = -0*v. Calculate the highest common divisor of v and 12.
12
Let p be ((-252)/(-147))/((-2)/(-49)). Calculate the highest common divisor of p and 126.
42
Let h(n) = n**3 + 15*n**2 + 16*n - 24. Let g be h(-12). What is the greatest common factor of 24 and g?
24
Let l(u) = 4*u**3 + 2*u**2 + 3*u - 3. Let c be l(3). Suppose -156 - c = -3*b. What is the highest common factor of b and 24?
24
Let r be (-1)/1*1/(-1). Let u(l) = 7*l**2. Let h be u(1). Calculate the greatest common factor of r and h.
1
Let y = -6 + 0. Let x = 16 - y. Suppose o - x = l + 3, 3*l = -5*o + 85. What is the highest common factor of 30 and o?
10
Let h(x) = x - 7. Let d be h(9). Let b = 4 - d. What is the highest common factor of b and 8?
2
Let a be -1 + (-32)/(-4) - -4. Calculate the highest common divisor of a and 88.
11
Suppose 11 + 44 = 5*z. Calculate the highest common divisor of z and 99.
11
Let x(z) = -z**2 - 9*z - 11. Let i be x(-6). Calculate the greatest common factor of i and 56.
7
Let g(n) = -n**2 + 4*n + 1. Let o = -1 - -5. Let r be g(o). Let i = 8 - r. Calculate the highest common divisor of i and 42.
7
Let k = 1 + -10. Let t be k/(-54) - 71/(-6). What is the greatest common factor of 12 and t?
12
Let r = -17 + 20. Calculate the greatest common divisor of 2 and r.
1
Let a be (-3 + 5)*(0 + 2). What is the highest common divisor of a and 32?
4
Suppose x + x - 4 = 0. Let w(d) = -d - 6. Let c be w(-12). Calcu